983362040?
3
What is the hundred thousands digit of 2243733747?
7
What is the ten thousands digit of 424794663?
9
What is the hundred millions digit of 433892153?
4
What is the millions digit of 425963427?
5
What is the ten thousands digit of 72724145?
2
What is the units digit of 149621826?
6
What is the tens digit of 122610245?
4
What is the ten millions digit of 67848648?
6
What is the units digit of 6011925304?
4
What is the units digit of 410501999?
9
What is the ten millions digit of 22645072?
2
What is the thousands digit of 7006735476?
5
What is the thousands digit of 21089487?
9
What is the hundreds digit of 574648667?
6
What is the hundred millions digit of 159065624?
1
What is the millions digit of 240302378?
0
What is the hundred thousands digit of 24329077?
3
What is the thousands digit of 53081487?
1
What is the units digit of 15797275?
5
What is the tens digit of 293493587?
8
What is the hundreds digit of 1582096171?
1
What is the hundreds digit of 2826524815?
8
What is the units digit of 165094428?
8
What is the thousands digit of 89868919?
8
What is the ten thousands digit of 183417813?
1
What is the hundred thousands digit of 539018832?
0
What is the units digit of 1473436027?
7
What is the millions digit of 85368121?
5
What is the tens digit of 316884147?
4
What is the ten thousands digit of 397247588?
4
What is the tens digit of 2172752467?
6
What is the hundred millions digit of 902253243?
9
What is the millions digit of 21858303?
1
What is the hundreds digit of 326210249?
2
What is the units digit of 2518549380?
0
What is the millions digit of 27945098?
7
What is the hundreds digit of 39567478?
4
What is the hundred thousands digit of 103565663?
5
What is the ten thousands digit of 125515928?
1
What is the hundreds digit of 2430695191?
1
What is the ten millions digit of 162812193?
6
What is the ten thousands digit of 75873219?
7
What is the units digit of 794678906?
6
What is the millions digit of 424825244?
4
What is the units digit of 161205305?
5
What is the billions digit of 2326257921?
2
What is the units digit of 31502320?
0
What is the tens digit of 713561996?
9
What is the units digit of 82484294?
4
What is the hundreds digit of 21037375?
3
What is the hundreds digit of 9820033?
0
What is the ten thousands digit of 84702697?
0
What is the millions digit of 606828841?
6
What is the units digit of 1504387025?
5
What is the hundred thousands digit of 45466882?
4
What is the tens digit of 990615078?
7
What is the thousands digit of 131785074?
5
What is the hundred thousands digit of 216022583?
0
What is the ten millions digit of 56632127?
5
What is the hundreds digit of 42672321?
3
What is the hundreds digit of 645856199?
1
What is the hundreds digit of 9421530801?
8
What is the hundred thousands digit of 54903406?
9
What is the hundred thousands digit of 240213752?
2
What is the hundred thousands digit of 132648607?
6
What is the hundred thousands digit of 400530455?
5
What is the ten millions digit of 87985642?
8
What is the millions digit of 313010390?
3
What is the hundred thousands digit of 710565997?
5
What is the tens digit of 957423582?
8
What is the thousands digit of 182582993?
2
What is the millions digit of 12244100?
2
What is the millions digit of 415374248?
5
What is the hundred thousands digit of 1958788790?
7
What is the ten millions digit of 33837110?
3
What is the ten millions digit of 58911346?
5
What is the hundreds digit of 411866715?
7
What is the hundreds digit of 4228866?
8
What is the hundreds digit of 3235921331?
3
What is the ten millions digit of 61237877?
6
What is the thousands digit of 1063293457?
3
What is the thousands digit of 28501787?
1
What is the thousands digit of 1177876193?
6
What is the millions digit of 244361366?
4
What is the hundred millions digit of 205968421?
2
What is the billions digit of 4620753233?
4
What is the billions digit of 2401980002?
2
What is the thousands digit of 33754731?
4
What is the tens digit of 329045068?
6
What is the hundreds digit of 142051224?
2
What is the hundred thousands digit of 371204419?
2
What is the millions digit of 88855205?
8
What is the thousands digit of 151955366?
5
What is the millions digit of 157895139?
7
What is the hundred thousands digit of 97031545?
0
What is the thousands digit of 2350282137?
2
What is the hundred thousands digit of 1661761338?
7
What is the tens digit of 36079995?
9
What is the thousands digit of 1012064676?
4
What is the ten thousands digit of 1829707978?
0
What is the tens digit of 395513240?
4
What is the hundreds digit of 127386152?
1
What is the millions digit of 102051627?
2
What is the millions digit of 275912126?
5
What is the hundred millions digit of 1984269220?
9
What is the hundred thousands digit of 185528143?
5
What is the hundred thousands digit of 4603962?
6
What is the units digit of 789527536?
6
What is the ten thousands digit of 14202942?
0
What is the hundred millions digit of 1453250117?
4
What is the thousands digit of 2137464117?
4
What is the tens digit of 681836788?
8
What is the units digit of 3271793000?
0
What is the thousands digit of 291528523?
8
What is the tens digit of 4385598159?
5
What is the tens digit of 61893668?
6
What is the ten thousands digit of 64810107?
1
What is the units digit of 161599878?
8
What is the ten thousands digit of 130461908?
6
What is the ten thousands digit of 218778998?
7
What is the tens digit of 6978388?
8
What is the ten millions digit of 783349048?
8
What is the hundred thousands digit of 6526313268?
3
What is the units digit of 190977538?
8
What is the hundreds digit of 97046726?
7
What is the ten millions digit of 268887181?
6
What is the ten millions digit of 70831565?
7
What is the ten millions digit of 50090907?
5
What is the thousands digit of 42361214?
1
What is the thousands digit of 526092450?
2
What is the tens digit of 72422410?
1
What is the ten millions digit of 132282921?
3
What is the hundreds digit of 615264525?
5
What is the units digit of 38459271?
1
What is the hundred thousands digit of 51422910?
4
What is the hundred thousands digit of 7422824?
4
What is the thousands digit of 107026914?
6
What is the hundreds digit of 159071283?
2
What is the hundred thousands digit of 1974057061?
0
What is the thousands digit of 650942886?
2
What is the ten thousands digit of 7345069?
4
What is the hundreds digit of 121103787?
7
What is the millions digit of 155688590?
5
What is the millions digit of 50428550?
0
What is the hundred millions digit of 205785269?
2
What is the millions digit of 420137733?
0
What is the ten thousands digit of 105434243?
3
What is the hundred millions digit of 1681068433?
6
What is the hundreds digit of 2146918621?
6
What is the thousands digit of 165051036?
1
What is the hundred thousands digit of 59373011?
3
What is the thousands digit of 3346637057?
7
What is the units digit of 284476529?
9
What is the ten millions digit of 770654989?
7
What is the millions digit of 14362506?
4
What is the thousands digit of 3923318312?
8
What is the hundred thousands digit of 3475619195?
6
What is the tens digit of 21457431?
3
What is the hundreds digit of 4420453?
4
What is the hundred thousands digit of 33519500?
5
What is the units digit of 967501267?
7
What is the millions digit of 3323944738?
3
What is the hundred thousands digit of 101430718?
4
What is the tens digit of 340238522?
2
What is the units digit of 522785104?
4
What is the units digit of 322570735?
5
What is the ten thousands digit of 993467611?
6
What is the hundred thousands digit of 2736571243?
5
What is the hundreds digit of 2892362?
3
What is the units digit of 131525721?
1
What is the units digit of 3406795?
5
What is the ten thousands digit of 338651266?
5
What is the thousands digit of 2566119222?
9
What is the hundred thousands digit of 32384713?
3
What is the ten millions digit of 3792609151?
9
What is the units digit of 50364055?
5
What is the hundred thousands digit of 474063413?
0
What is the ten millions digit of 68927342?
6
What is the millions digit of 830044360?
0
What is the ten thousands digit of 60452660?
5
What is the millions digit of 2501406212?
1
What is the thousands digit of 44755532?
5
What is the ten thousands digit of 1